{"id":100,"date":"2022-02-11T10:42:07","date_gmt":"2022-02-11T09:42:07","guid":{"rendered":"http:\/\/zafusetfutons.com\/?page_id=100"},"modified":"2024-11-12T13:02:38","modified_gmt":"2024-11-12T12:02:38","slug":"sac-a-zafu","status":"publish","type":"page","link":"https:\/\/zafusetfutons.com\/index.php\/sac-a-zafu\/","title":{"rendered":"sac \u00e0 zafu"},"content":{"rendered":"\n<div class=\"wp-block-group is-nowrap is-layout-flex wp-container-core-group-is-layout-ad2f72ca wp-block-group-is-layout-flex\">\n<div class=\"wp-block-columns is-layout-flex wp-container-core-columns-is-layout-9d6595d7 wp-block-columns-is-layout-flex\">\n<div class=\"wp-block-column is-layout-flow wp-block-column-is-layout-flow\" style=\"flex-basis:100%\">\n<figure class=\"wp-block-image is-resized\"><img loading=\"lazy\" decoding=\"async\" src=\"http:\/\/zafusetfutons.com\/wp-content\/uploads\/2017\/01\/sac-zafu-en-construction-e1489683363218-160x300.jpg\" alt=\"\" class=\"wp-image-370\" width=\"160\" height=\"300\" srcset=\"https:\/\/zafusetfutons.com\/wp-content\/uploads\/2017\/01\/sac-zafu-en-construction-e1489683363218-160x300.jpg 160w, https:\/\/zafusetfutons.com\/wp-content\/uploads\/2017\/01\/sac-zafu-en-construction-e1489683363218-768x1442.jpg 768w, https:\/\/zafusetfutons.com\/wp-content\/uploads\/2017\/01\/sac-zafu-en-construction-e1489683363218-700x1315.jpg 700w\" sizes=\"auto, (max-width: 160px) 100vw, 160px\" \/><\/figure>\n<\/div>\n<\/div>\n\n\n\n<figure class=\"wp-block-image\"><img loading=\"lazy\" decoding=\"async\" width=\"292\" height=\"300\" src=\"http:\/\/zafusetfutons.com\/wp-content\/uploads\/2017\/01\/sac-z-figue-e1489683223130-292x300.jpg\" alt=\"\" class=\"wp-image-372\" srcset=\"https:\/\/zafusetfutons.com\/wp-content\/uploads\/2017\/01\/sac-z-figue-e1489683223130-292x300.jpg 292w, https:\/\/zafusetfutons.com\/wp-content\/uploads\/2017\/01\/sac-z-figue-e1489683223130-768x790.jpg 768w, https:\/\/zafusetfutons.com\/wp-content\/uploads\/2017\/01\/sac-z-figue-e1489683223130-700x720.jpg 700w\" sizes=\"auto, (max-width: 292px) 100vw, 292px\" \/><\/figure>\n\n\n\n<figure class=\"wp-block-image\"><img loading=\"lazy\" decoding=\"async\" width=\"199\" height=\"300\" src=\"http:\/\/zafusetfutons.com\/wp-content\/uploads\/2017\/01\/sac-zafu-orange-199x300.jpg\" alt=\"\" class=\"wp-image-375\" srcset=\"https:\/\/zafusetfutons.com\/wp-content\/uploads\/2017\/01\/sac-zafu-orange-199x300.jpg 199w, https:\/\/zafusetfutons.com\/wp-content\/uploads\/2017\/01\/sac-zafu-orange-768x1156.jpg 768w, https:\/\/zafusetfutons.com\/wp-content\/uploads\/2017\/01\/sac-zafu-orange-700x1054.jpg 700w\" sizes=\"auto, (max-width: 199px) 100vw, 199px\" \/><\/figure>\n<\/div>\n\n\n\n<p class=\"has-text-align-center\"><\/p>\n\n\n\n<p>Imagin\u00e9 et con\u00e7u dans mon atelier, le <strong>sac \u00e0 <a href=\"https:\/\/zafusetfutons.com\/index.php\/acceuil\/\" target=\"_blank\" rel=\"noreferrer noopener\">zafu<\/a><\/strong>, souple, l\u00e9ger et ample permet de transporter votre zafu ainsi que votre n\u00e9cessaire de m\u00e9ditation. Sa forme de base est le <strong>carr\u00e9<\/strong> rappelant la technique simplissime et traditionnelle du paquetage japonnais : le <strong>furoshiki<\/strong>.&nbsp; Il se porte en <strong>bandouli\u00e8re r\u00e9glable<\/strong> et se noue&nbsp; sur le dessus .<\/p>\n\n\n\n<p>Bien s\u00fbr le sac \u00e0 zafu peut \u00eatre utilis\u00e9 comme sac fourre-tout, de voyage, de plage&#8230;etc&#8230; R\u00e9alis\u00e9 en tissu de <strong>coton noir + deux autres couleurs au choix <\/strong>suivant les coloris disponibles sur notre <a href=\"https:\/\/zafusetfutons.com\/index.php\/nuancier\/\" target=\"_blank\" rel=\"noreferrer noopener\">nuancier<\/a>.<\/p>\n\n\n\n<h6 class=\"wp-block-heading\">Prix : 55\u20ac, port : 8\u20ac.<\/h6>\n\n\n\n<div class=\"wp-block-group is-nowrap is-layout-flex wp-container-core-group-is-layout-ad2f72ca wp-block-group-is-layout-flex\">\n<div class=\"wp-block-group is-nowrap is-layout-flex wp-container-core-group-is-layout-ad2f72ca wp-block-group-is-layout-flex\">\n<div class=\"wp-block-group\"><div class=\"wp-block-group__inner-container is-layout-constrained wp-block-group-is-layout-constrained\">\n<div class=\"wp-block-columns is-layout-flex wp-container-core-columns-is-layout-9d6595d7 wp-block-columns-is-layout-flex\">\n<div class=\"wp-block-column is-layout-flow wp-block-column-is-layout-flow\" style=\"flex-basis:100%\">\n<figure class=\"wp-block-gallery aligncenter has-nested-images columns-default is-cropped wp-block-gallery-1 is-layout-flex wp-block-gallery-is-layout-flex\">\n<figure class=\"wp-block-image size-large\"><img loading=\"lazy\" decoding=\"async\" width=\"700\" height=\"465\" data-id=\"376\" src=\"https:\/\/zafusetfutons.com\/wp-content\/uploads\/2017\/01\/sac-z-jaune-700x465.jpg\" alt=\"\" class=\"wp-image-376\" srcset=\"https:\/\/zafusetfutons.com\/wp-content\/uploads\/2017\/01\/sac-z-jaune-700x465.jpg 700w, https:\/\/zafusetfutons.com\/wp-content\/uploads\/2017\/01\/sac-z-jaune-300x199.jpg 300w, https:\/\/zafusetfutons.com\/wp-content\/uploads\/2017\/01\/sac-z-jaune-768x510.jpg 768w, https:\/\/zafusetfutons.com\/wp-content\/uploads\/2017\/01\/sac-z-jaune-452x300.jpg 452w\" sizes=\"auto, (max-width: 700px) 100vw, 700px\" \/><\/figure>\n<\/figure>\n<\/div>\n<\/div>\n<\/div><\/div>\n\n\n\n<figure class=\"wp-block-gallery aligncenter has-nested-images columns-default is-cropped wp-block-gallery-2 is-layout-flex wp-block-gallery-is-layout-flex\">\n<figure class=\"wp-block-image size-large\"><img loading=\"lazy\" decoding=\"async\" width=\"700\" height=\"511\" data-id=\"369\" src=\"https:\/\/zafusetfutons.com\/wp-content\/uploads\/2017\/01\/fermeture-sac-zafu-700x511.jpg\" alt=\"\" class=\"wp-image-369\" srcset=\"https:\/\/zafusetfutons.com\/wp-content\/uploads\/2017\/01\/fermeture-sac-zafu-700x511.jpg 700w, https:\/\/zafusetfutons.com\/wp-content\/uploads\/2017\/01\/fermeture-sac-zafu-300x219.jpg 300w, https:\/\/zafusetfutons.com\/wp-content\/uploads\/2017\/01\/fermeture-sac-zafu-768x560.jpg 768w, https:\/\/zafusetfutons.com\/wp-content\/uploads\/2017\/01\/fermeture-sac-zafu-411x300.jpg 411w\" sizes=\"auto, (max-width: 700px) 100vw, 700px\" \/><\/figure>\n<\/figure>\n<\/div>\n<\/div>\n\n\n\n<figure class=\"wp-block-image size-large\"><img loading=\"lazy\" decoding=\"async\" width=\"700\" height=\"580\" src=\"https:\/\/zafusetfutons.com\/wp-content\/uploads\/2017\/01\/sac-z-orange-700x580.jpg\" alt=\"\" class=\"wp-image-373\" srcset=\"https:\/\/zafusetfutons.com\/wp-content\/uploads\/2017\/01\/sac-z-orange-700x580.jpg 700w, https:\/\/zafusetfutons.com\/wp-content\/uploads\/2017\/01\/sac-z-orange-300x248.jpg 300w, https:\/\/zafusetfutons.com\/wp-content\/uploads\/2017\/01\/sac-z-orange-768x636.jpg 768w, https:\/\/zafusetfutons.com\/wp-content\/uploads\/2017\/01\/sac-z-orange-362x300.jpg 362w\" sizes=\"auto, (max-width: 700px) 100vw, 700px\" \/><\/figure>\n","protected":false},"excerpt":{"rendered":"<p>Imagin\u00e9 et con\u00e7u dans mon atelier, le sac \u00e0 zafu, souple, l\u00e9ger et ample permet de transporter votre zafu ainsi que votre n\u00e9cessaire de m\u00e9ditation. Sa forme de base est le carr\u00e9 rappelant la technique simplissime et traditionnelle du paquetage japonnais : le furoshiki.&nbsp; Il se porte en bandouli\u00e8re r\u00e9glable et se noue&nbsp; sur le&#8230; <\/p>\n<div class=\"link-more\"><a href=\"https:\/\/zafusetfutons.com\/index.php\/sac-a-zafu\/\">En savoir plus<\/a><\/div>\n","protected":false},"author":1,"featured_media":371,"parent":0,"menu_order":0,"comment_status":"closed","ping_status":"closed","template":"","meta":{"footnotes":""},"class_list":["post-100","page","type-page","status-publish","has-post-thumbnail","hentry"],"_links":{"self":[{"href":"https:\/\/zafusetfutons.com\/index.php\/wp-json\/wp\/v2\/pages\/100","targetHints":{"allow":["GET"]}}],"collection":[{"href":"https:\/\/zafusetfutons.com\/index.php\/wp-json\/wp\/v2\/pages"}],"about":[{"href":"https:\/\/zafusetfutons.com\/index.php\/wp-json\/wp\/v2\/types\/page"}],"author":[{"embeddable":true,"href":"https:\/\/zafusetfutons.com\/index.php\/wp-json\/wp\/v2\/users\/1"}],"replies":[{"embeddable":true,"href":"https:\/\/zafusetfutons.com\/index.php\/wp-json\/wp\/v2\/comments?post=100"}],"version-history":[{"count":31,"href":"https:\/\/zafusetfutons.com\/index.php\/wp-json\/wp\/v2\/pages\/100\/revisions"}],"predecessor-version":[{"id":1359,"href":"https:\/\/zafusetfutons.com\/index.php\/wp-json\/wp\/v2\/pages\/100\/revisions\/1359"}],"wp:featuredmedia":[{"embeddable":true,"href":"https:\/\/zafusetfutons.com\/index.php\/wp-json\/wp\/v2\/media\/371"}],"wp:attachment":[{"href":"https:\/\/zafusetfutons.com\/index.php\/wp-json\/wp\/v2\/media?parent=100"}],"curies":[{"name":"wp","href":"https:\/\/api.w.org\/{rel}","templated":true}]}}