{"id":171,"date":"2019-02-08T17:56:39","date_gmt":"2019-02-08T16:56:39","guid":{"rendered":"http:\/\/zafusetfutons.com\/?page_id=171"},"modified":"2025-12-01T10:17:07","modified_gmt":"2025-12-01T09:17:07","slug":"futon-bebe","status":"publish","type":"page","link":"https:\/\/zafusetfutons.com\/index.php\/futon-bebe\/","title":{"rendered":"futon b\u00e9b\u00e9"},"content":{"rendered":"<div class=\"wp-block-image\">\n<figure class=\"aligncenter size-large\"><img loading=\"lazy\" decoding=\"async\" width=\"700\" height=\"402\" src=\"https:\/\/zafusetfutons.com\/wp-content\/uploads\/2025\/12\/futon-bebe-brdx-700x402.jpg\" alt=\"\" class=\"wp-image-13891\" srcset=\"https:\/\/zafusetfutons.com\/wp-content\/uploads\/2025\/12\/futon-bebe-brdx-700x402.jpg 700w, https:\/\/zafusetfutons.com\/wp-content\/uploads\/2025\/12\/futon-bebe-brdx-300x172.jpg 300w, https:\/\/zafusetfutons.com\/wp-content\/uploads\/2025\/12\/futon-bebe-brdx-768x441.jpg 768w, https:\/\/zafusetfutons.com\/wp-content\/uploads\/2025\/12\/futon-bebe-brdx-1536x882.jpg 1536w, https:\/\/zafusetfutons.com\/wp-content\/uploads\/2025\/12\/futon-bebe-brdx-2048x1176.jpg 2048w, https:\/\/zafusetfutons.com\/wp-content\/uploads\/2025\/12\/futon-bebe-brdx-523x300.jpg 523w\" sizes=\"auto, (max-width: 700px) 100vw, 700px\" \/><\/figure>\n<\/div>\n\n\n<p><\/p>\n\n\n\n<p>Le <strong>futon b\u00e9b\u00e9 <\/strong>est un matelas id\u00e9al et bien adapt\u00e9 pour les b\u00e9b\u00e9s et les jeunes enfants, aussi bien pour leur <strong>couchage quotidien  qu&rsquo;en appoint<\/strong>. Ce futon d&rsquo;\u00e9paisseur interm\u00e9diaire entre le <a rel=\"noreferrer noopener\" href=\"https:\/\/zafusetfutons.com\/index.php\/futon-du-quotidien\/\" data-type=\"URL\" data-id=\"https:\/\/zafusetfutons.com\/index.php\/futon-du-quotidien\/\" target=\"_blank\">futon du quotidien<\/a> et le <a rel=\"noreferrer noopener\" href=\"https:\/\/zafusetfutons.com\/index.php\/futon-dappoint\/\" data-type=\"URL\" data-id=\"https:\/\/zafusetfutons.com\/index.php\/futon-dappoint\/\" target=\"_blank\">futon d&rsquo;appoint<\/a> est en capacit\u00e9 d\u2019accueillir le poids d&rsquo;un b\u00e9b\u00e9 tout au long de sa croissance, lui offrant un confort id\u00e9al, <strong>ni trop mou<\/strong>, <strong>ni trop dur<\/strong> et <strong>parfaitement isolant<\/strong> et <strong>respirant<\/strong> gr\u00e2ce \u00e0 sa garniture de <strong><a rel=\"noreferrer noopener\" href=\"https:\/\/zafusetfutons.com\/index.php\/2023\/02\/07\/laine\/\" data-type=\"URL\" data-id=\"https:\/\/zafusetfutons.com\/index.php\/2023\/02\/07\/laine\/\" target=\"_blank\">laine<\/a><\/strong>. Les dimensions standards du <strong>futon b\u00e9b\u00e9<\/strong> conviennent aux <strong>lits-parapluie<\/strong>. <\/p>\n\n\n\n<p>Le <strong>futon b\u00e9b\u00e9<\/strong> est garni de 8 couches de <strong><a href=\"https:\/\/zafusetfutons.com\/index.php\/2023\/02\/07\/laine\/\" data-type=\"URL\" data-id=\"https:\/\/zafusetfutons.com\/index.php\/2023\/02\/07\/laine\/\" target=\"_blank\" rel=\"noreferrer noopener\">laine<\/a><\/strong> maintenues dans une enveloppe en <strong><a rel=\"noreferrer noopener\" href=\"https:\/\/zafusetfutons.com\/index.php\/2021\/01\/05\/tissus-bio\/\" target=\"_blank\">coton<\/a> issu de l&rsquo;agriculture biologique<\/strong> de couleur unie ou bicolore suivant notre <strong><a rel=\"noopener noreferrer\" href=\"http:\/\/zafusetfutons.com\/index.php\/nuancier\/\" target=\"_blank\">nuancier<\/a><\/strong>.&nbsp;Il est agr\u00e9ment\u00e9 <strong>d&rsquo;attaches et de poign\u00e9es<\/strong> permettant de le<strong> transporter facilement<\/strong> lors de vos d\u00e9placements avec votre enfant. Il peut \u00eatre \u00e9galement fabriqu\u00e9 sans attaches ni poign\u00e9es. Son \u00e9paisseur est de <strong>10 cm<\/strong> environ.<\/p>\n\n\n\n<p><strong>Dimensions et prix :<\/strong> <\/p>\n\n\n\n<ul class=\"wp-block-list\">\n<li class=\"has-black-color has-text-color has-link-color wp-elements-391875d5e1fda0c46cc074e142a747d4\">futon b\u00e9b\u00e9 en 60&#215;120, avec attaches et poign\u00e9es : 195 \u20ac<\/li>\n\n\n\n<li class=\"has-black-color has-text-color has-link-color wp-elements-6fd39181ce3d02f3ae83da87e1102f19\">futon b\u00e9b\u00e9 en 60&#215;120, sans attaches ni poign\u00e9es : 160 \u20ac<\/li>\n\n\n\n<li class=\"has-black-color has-text-color has-link-color wp-elements-61c87990cda2a69b33265855eaca1af9\">futon b\u00e9b\u00e9 en 70&#215;140, avec attaches et poign\u00e9es : 225 \u20ac<\/li>\n\n\n\n<li class=\"has-black-color has-text-color has-link-color wp-elements-88c14eb1371d26c6b3658f960ee0676b\">futon b\u00e9b\u00e9 en 70&#215;140, sans attaches ni poign\u00e9es : 190\u20ac<\/li>\n\n\n\n<li>port : 20\u20ac<\/li>\n<\/ul>\n\n\n\n<figure class=\"wp-block-image size-large\"><img loading=\"lazy\" decoding=\"async\" width=\"700\" height=\"669\" src=\"https:\/\/zafusetfutons.com\/wp-content\/uploads\/2023\/03\/futons-bebe-700x669.jpg\" alt=\"\" class=\"wp-image-1227\" srcset=\"https:\/\/zafusetfutons.com\/wp-content\/uploads\/2023\/03\/futons-bebe-700x669.jpg 700w, https:\/\/zafusetfutons.com\/wp-content\/uploads\/2023\/03\/futons-bebe-300x287.jpg 300w, https:\/\/zafusetfutons.com\/wp-content\/uploads\/2023\/03\/futons-bebe-768x734.jpg 768w, https:\/\/zafusetfutons.com\/wp-content\/uploads\/2023\/03\/futons-bebe-1536x1468.jpg 1536w, https:\/\/zafusetfutons.com\/wp-content\/uploads\/2023\/03\/futons-bebe-2048x1957.jpg 2048w, https:\/\/zafusetfutons.com\/wp-content\/uploads\/2023\/03\/futons-bebe-314x300.jpg 314w\" sizes=\"auto, (max-width: 700px) 100vw, 700px\" \/><\/figure>\n\n\n\n<figure class=\"wp-block-image size-large\"><img loading=\"lazy\" decoding=\"async\" width=\"700\" height=\"418\" src=\"https:\/\/zafusetfutons.com\/wp-content\/uploads\/2017\/01\/DSCN3396-700x418.jpg\" alt=\"\" class=\"wp-image-70\" srcset=\"https:\/\/zafusetfutons.com\/wp-content\/uploads\/2017\/01\/DSCN3396-700x418.jpg 700w, https:\/\/zafusetfutons.com\/wp-content\/uploads\/2017\/01\/DSCN3396-300x179.jpg 300w, https:\/\/zafusetfutons.com\/wp-content\/uploads\/2017\/01\/DSCN3396-768x459.jpg 768w, https:\/\/zafusetfutons.com\/wp-content\/uploads\/2017\/01\/DSCN3396.jpg 1932w\" sizes=\"auto, (max-width: 700px) 100vw, 700px\" \/><\/figure>\n\n\n\n<p><\/p>\n","protected":false},"excerpt":{"rendered":"<p>Le futon b\u00e9b\u00e9 est un matelas id\u00e9al et bien adapt\u00e9 pour les b\u00e9b\u00e9s et les jeunes enfants, aussi bien pour leur couchage quotidien qu&rsquo;en appoint. Ce futon d&rsquo;\u00e9paisseur interm\u00e9diaire entre le futon du quotidien et le futon d&rsquo;appoint est en capacit\u00e9 d\u2019accueillir le poids d&rsquo;un b\u00e9b\u00e9 tout au long de sa croissance, lui offrant un&#8230; <\/p>\n<div class=\"link-more\"><a href=\"https:\/\/zafusetfutons.com\/index.php\/futon-bebe\/\">En savoir plus<\/a><\/div>\n","protected":false},"author":1,"featured_media":908,"parent":0,"menu_order":0,"comment_status":"closed","ping_status":"closed","template":"","meta":{"footnotes":""},"class_list":["post-171","page","type-page","status-publish","has-post-thumbnail","hentry"],"_links":{"self":[{"href":"https:\/\/zafusetfutons.com\/index.php\/wp-json\/wp\/v2\/pages\/171","targetHints":{"allow":["GET"]}}],"collection":[{"href":"https:\/\/zafusetfutons.com\/index.php\/wp-json\/wp\/v2\/pages"}],"about":[{"href":"https:\/\/zafusetfutons.com\/index.php\/wp-json\/wp\/v2\/types\/page"}],"author":[{"embeddable":true,"href":"https:\/\/zafusetfutons.com\/index.php\/wp-json\/wp\/v2\/users\/1"}],"replies":[{"embeddable":true,"href":"https:\/\/zafusetfutons.com\/index.php\/wp-json\/wp\/v2\/comments?post=171"}],"version-history":[{"count":38,"href":"https:\/\/zafusetfutons.com\/index.php\/wp-json\/wp\/v2\/pages\/171\/revisions"}],"predecessor-version":[{"id":13892,"href":"https:\/\/zafusetfutons.com\/index.php\/wp-json\/wp\/v2\/pages\/171\/revisions\/13892"}],"wp:featuredmedia":[{"embeddable":true,"href":"https:\/\/zafusetfutons.com\/index.php\/wp-json\/wp\/v2\/media\/908"}],"wp:attachment":[{"href":"https:\/\/zafusetfutons.com\/index.php\/wp-json\/wp\/v2\/media?parent=171"}],"curies":[{"name":"wp","href":"https:\/\/api.w.org\/{rel}","templated":true}]}}